 + (-6236)/(-16) + 3.
2, 7
Suppose -3*p - 5*t = 65, 5*t - 42 - 13 = 5*p. What are the prime factors of 2/10 - 1062/p?
71
Let g(f) = -2*f + 13. Let l be g(-17). Suppose -d + 15 = -l. List the prime factors of d.
2, 31
Let o(f) = 7*f - 7. Let k be o(1). Suppose -5*d - 2*q + 4 = k, 11 + 10 = 3*d - 5*q. List the prime factors of d.
2
Let z = 299 + 471. List the prime factors of z.
2, 5, 7, 11
Let t = 73 + 106. List the prime factors of t.
179
Let j = 608 - 242. Suppose -131*n = -129*n - j. List the prime factors of n.
3, 61
Let x(o) = 287*o**3 + o**2 + 6*o - 17. List the prime factors of x(2).
3, 5, 17
What are the prime factors of (-56)/40*-5 + 2454?
23, 107
List the prime factors of (-9)/((-45)/(-220))*117/(-12).
3, 11, 13
Suppose 14*c - 870 - 4702 = 0. List the prime factors of c.
2, 199
Let r = -1 + 84. List the prime factors of 4*(r - 15/(-3)).
2, 11
Suppose 3*x = 5*d - 10*d + 44, x - 3 = 0. Let s(c) = -5*c - d - 1 - 9. What are the prime factors of s(-12)?
43
Let i(q) = q + 7. Let w be i(3). Let f = 16 - w. Suppose 4*s = f + 6, 0 = n + 3*s - 22. List the prime factors of n.
13
Let g = 42 + -47. What are the prime factors of 40/100 + (-23)/g?
5
Suppose 8*x = -x - 1854. Let p = x - -293. What are the prime factors of p?
3, 29
Let m(h) = h**3 + 11*h**2 - 11*h + 4. Let u be m(-12). Let j(c) = 4*c**2 + 9*c + 12. List the prime factors of j(u).
2, 7
Let j(v) = v**3 - 3*v**2 - 4. Let h be j(3). Let d be h/10 + (-8)/5. What are the prime factors of (244/(-6))/(d/3)?
61
Let i(v) be the third derivative of -v**4/8 - 7*v**3/3 + v**2 + 51*v. Let z = -23 + 15. List the prime factors of i(z).
2, 5
Let g(n) = -n**3 + 6*n**2 + 5*n + 2. Let p be g(5). Suppose -p = -3*s + s. Suppose 0 = -3*v + 46 + s. List the prime factors of v.
2, 3
Suppose -39340 = -15*f + 260. What are the prime factors of f?
2, 3, 5, 11
Suppose -4*r - 2*y + y + 1621 = 0, -2*r + 5*y + 783 = 0. What are the prime factors of r?
2, 101
Suppose 0 = -9*z + 6*z + 12. Let p be (-96)/((-1)/22*z). List the prime factors of p/15 + 2/(-10).
5, 7
Let i(h) = h**2 + 3*h + 6. Let m(o) = -o**3 - 14*o**2 - 12*o + 4. Let k be m(-13). Let p = k + 2. List the prime factors of i(p).
2, 17
Let i(o) = -o**3 - 36*o**2 + 98*o + 60. List the prime factors of i(-39).
3, 89
Let r(z) = 3*z**2 - 45*z - 96. What are the prime factors of r(33)?
2, 3, 281
Let u(f) = f**3 + 7*f**2 - 2*f - 10. Let p be u(-7). Suppose a = -5*z + 24, p*a + 4*z - 96 = 3*z. List the prime factors of a.
2, 3
Suppose 5*f = -5*y + 1580, 5*f - 1938 = 5*y - 308. List the prime factors of f.
3, 107
Suppose -2*m + 12 = 2*l - 3*l, 5*m = 4*l + 36. What are the prime factors of ((-30)/8)/(l/64)?
2, 3, 5
Suppose 2694 = 4*i - 2*s, 0 = 3*i + 17*s - 18*s - 2020. What are the prime factors of i?
673
Let b(c) = 5*c - 31. Let m be b(7). Suppose -3*a = -m*s - 149, 0*a + a - 57 = 5*s. What are the prime factors of a?
47
Let d = -3081 - -5567. List the prime factors of d.
2, 11, 113
Let g(b) = -b**3 + 7*b**2 + 12*b - 10. Suppose -5*c - 5*y + 45 = 0, 2*y = -3*c + 15 + 9. What are the prime factors of g(c)?
2, 7
Suppose 2 + 18 = 4*a, -48 = y - 5*a. Let t = y + 23. Suppose -3*f + c = -11, -3*f + t*c + 15 = 3*c. What are the prime factors of f?
2
Let o be -3*(-1 + (-2)/(-6)). Let i be 13/((o + -1)*1). Suppose 0*v = -v + i. What are the prime factors of v?
13
Let u = -6 - -20. Let w = 11 - u. What are the prime factors of (15/(-10))/(w/28)?
2, 7
Let q(o) = 2*o**2 + 19*o + 66. List the prime factors of q(-11).
3, 11
Let t(a) = -a**3 - 6*a**2 - 5*a - 1. Let r be -2*(12/8 + 1). Let f be t(r). What are the prime factors of ((-86)/(-6))/(f/(-3))?
43
Let z(v) = v**2 - 15*v + 22. Let y be z(10). What are the prime factors of (y/70)/((-1)/270)?
2, 3
Let w(n) = -4 + 7*n + 5 - 6*n. Let k be w(2). Suppose -3*b = -k*x + 201, 0 = 5*x - 2*b + 28 - 366. List the prime factors of x.
2, 17
Let h(v) = 9*v**2 - 8*v + 16. Let a be h(7). Suppose 4*g = -d + 389, 2*d + d = 4*g - a. What are the prime factors of g?
2, 7
Let v(m) = 4*m + 1. Let g be v(2). Let i be -6*((-57)/g + -2). Let z = 74 - i. List the prime factors of z.
2, 3
Suppose -4096 + 1048 = -12*p. What are the prime factors of p?
2, 127
Let v = -238 - -1404. List the prime factors of v.
2, 11, 53
Let r = 55 - -143. Let y be (r/(-55))/((-3)/(-10)). Let i = y - -18. List the prime factors of i.
2, 3
Let m be (-2)/(-6) - (-11)/3. Suppose 159 = 3*q + 5*v, 0*v + 189 = m*q - v. List the prime factors of q.
2, 3
Let z = -3 - -8. Let j(u) = -2*u + 6. Let h be j(z). List the prime factors of h/(-10) - 123/(-5).
5
List the prime factors of -20 - -7 - (2 - 171).
2, 3, 13
Suppose -19*z + 8*z + 2926 = 0. What are the prime factors of z?
2, 7, 19
List the prime factors of -1*0/4 + 112.
2, 7
Let o(q) = 13*q**3 + 2*q**2 - 1. Let b be o(-1). Let j = b - -15. Suppose j*v = 148 - 52. List the prime factors of v.
2
Suppose 2*t - 410 = 4*t. Let w be (-1)/4 + t/(-20). Suppose q + 4*n = w + 8, -2*q + n + 18 = 0. List the prime factors of q.
2, 5
List the prime factors of (1 + -3 - 2) + 1238.
2, 617
Suppose 3*s = -c + 162, -5*c = -5*s - 4*c + 262. Suppose 0 = -4*t + 2*t + 22. Suppose t - s = -2*b. What are the prime factors of b?
3, 7
Let x be (-28)/(-98) + (-4)/14. List the prime factors of x - ((3 - 2) + -89).
2, 11
Let c(o) = -94*o - 75. What are the prime factors of c(-4)?
7, 43
Suppose -6*h - 15054 = -21*c + 18*c, 3*c - h = 15064. List the prime factors of c.
2, 3, 31
Let v(f) = -50*f + 5. Let u be v(-6). Suppose -3*i = 2*i - u. Let q = i + -36. List the prime factors of q.
5
Suppose 0 = 4*y + 4, 4*r + 3*y - 7 = -142. What are the prime factors of 9/(-2)*352/r?
2, 3
Let b = 447 + -244. What are the prime factors of b?
7, 29
Let a = 72 + -66. Suppose 132 = a*s - 606. What are the prime factors of s?
3, 41
Let i(z) = -40*z + 3. Let c be i(1). Let b = 29 - c. List the prime factors of b.
2, 3, 11
Let q = -118 + 163. List the prime factors of q.
3, 5
Let t(j) = -181*j + 162. What are the prime factors of t(-4)?
2, 443
Suppose 5*i - 5*k = 225, 4*i = 25*k - 27*k + 186. Suppose -5*o = -349 + 19. Let t = o - i. List the prime factors of t.
2, 5
Suppose -i = 4*i - 315. Suppose -3*h + i + 3 = 0. Suppose 2*c - 4*a - 26 = h, -c + 17 = 5*a. List the prime factors of c.
2, 11
Let z = 67 + 6. Let k = z - 20. What are the prime factors of k?
53
Let b = -1385 + 2453. List the prime factors of b.
2, 3, 89
Let l be -1 + (0 - 2) + 73. Suppose 3*f = -z + l, 0 = -3*z + 2*f + 3*f + 210. List the prime factors of z.
2, 5, 7
What are the prime factors of 18/(-12)*2 - -309?
2, 3, 17
Let w(q) = 223*q - 49. What are the prime factors of w(4)?
3, 281
Let n = -141 + 356. What are the prime factors of n?
5, 43
Let v = 576 - -519. List the prime factors of v.
3, 5, 73
Suppose 12*u + 1738 + 1454 = 0. Let t = -149 - u. List the prime factors of t.
3, 13
Let u(j) = -9*j - 1. What are the prime factors of u(-12)?
107
Suppose -3*y + 10 = 1. Suppose -5 = 5*o, -2*o = y*q + 2*o - 59. What are the prime factors of q?
3, 7
Let g = -3659 + 7614. What are the prime factors of g?
5, 7, 113
Suppose 0 = 3*l + l. Let v(f) = 260*f**2 - f + 1. Let q be v(1). Suppose z - 5*z + q = l. List the prime factors of z.
5, 13
Suppose 6210 = 8*k + 170. List the prime factors of k.
5, 151
Suppose -5*p = -4*q + 23, 0 + 15 = -5*q. Let s(l) = 2*l**2 + 6*l + 6. List the prime factors of s(p).
2, 31
Suppose 0 = t - 4*t - 3*a + 1236, 2*t = 2*a + 836. List the prime factors of t.
5, 83
Suppose -154 = 4*z + 2*n, 2*z + 5*n = z - 25. Suppose 3*j - 1 = 4*u - 31, 2*j + 20 = u. List the prime factors of 24/z + (-296)/j.
29
Let z = 162 + -109. List the prime factors of z.
53
Suppose -3*n + 2*m + 25 = -3*m, -5*n + 15 = 5*m. Let l be (-32)/(-12)*(-75)/(-10). Suppose -n*d - l = -9*d. List the prime factors of d.
5
Let s = -330 + 586. Suppose w - 332 = -q - 3*q, w + s = 3*q. List the prime factors of q.
2, 3, 7
Suppose 66*s - 20*s - 50784 = 0. List the prime factors of s.
2, 3, 23
Let t(d) = -14*d - 3. Let u be t(-2). Let c = u + -13. Let m(w) = w + 6. What are the prime factors of m(c)?
2, 3
Suppose -83*a + 48*a + 161280 = 0. List the prime factors of a.
2, 3
Let g(b) = -b**3 + 2*b**2 + 1. Let n(y) = -y**3 + 9*y**2 - y + 11. Let d be n(9). Let c be g(d). List the prime factors of (c - 0) + 14 + -1.
2, 7
Let m be 36 + (